{"id":188,"date":"2023-11-07T23:51:06","date_gmt":"2023-11-07T22:51:06","guid":{"rendered":"https:\/\/lyceepaulrobert.fr\/?page_id=188"},"modified":"2024-04-24T00:02:55","modified_gmt":"2024-04-23T22:02:55","slug":"histoire-geographie","status":"publish","type":"page","link":"https:\/\/lyceepaulrobert.fr\/index.php\/histoire-geographie\/","title":{"rendered":"Histoire-G\u00e9ographie et EMC (Enseignement Moral et Civique)"},"content":{"rendered":"\n<p>L&rsquo;histoire et la g\u00e9ographie sont \u00e9tudi\u00e9es ensemble depuis le coll\u00e8ge ; cela continue au lyc\u00e9e.&nbsp;<\/p>\n\n\n\n<p>L&rsquo;histoire consiste \u00e0 \u00e9tudier les acteurs et actrices du pass\u00e9, individuellement et collectivement. Elle permet d\u2019\u00e9clairer le monde contemporain en interrogeant des \u00e9v\u00e8nements et des contextes vari\u00e9s, pour en mesurer les ruptures et les continuit\u00e9s, les points communs et les diff\u00e9rences.&nbsp; Cette discipline repose sur l&rsquo;\u00e9tude&nbsp;critique de toutes les traces laiss\u00e9es par les hommes et les femmes du pass\u00e9, et leur interpr\u00e9tation rigoureuse. La ma\u00eetrise de connaissances, la production de textes argument\u00e9s et d&rsquo;analyses de document constituent les principales \u00e9valuations.&nbsp;<\/p>\n\n\n\n<p>La g\u00e9ographie vise \u00e0 comprendre les logiques d\u2019organisation des espaces et les formes d\u2019influence des diff\u00e9rents acteurs sur les territoires \u00e0 toutes les \u00e9chelles (locale, nationale, r\u00e9gionale-continentale, mondiale). L\u2019\u00e9tude g\u00e9ographique s\u2019effectue \u00e0 partir de donn\u00e9es et d\u2019observations de terrains. Les \u00e9valuations peuvent \u00eatre des productions graphiques (cartes, croquis, sch\u00e9mas), des v\u00e9rifications de connaissances, des productions de textes argument\u00e9s et des analyses de document.\u00a0<\/p>\n\n\n\n<p>Dans le prolongement du coll\u00e8ge, l&rsquo;Enseignement Moral et Civique contribue \u00e0 la formation des \u00e9l\u00e8ves comme futurs citoyens en forgeant leur esprit critique. Ax\u00e9s autour des notions de libert\u00e9 (en seconde), de lien social (en premi\u00e8re) et de d\u00e9mocratie (en terminale), les programmes permettent aux \u00e9l\u00e8ves de s&rsquo;interroger sur la soci\u00e9t\u00e9 dans laquelle ils \u00e9voluent. A partir de sujets d&rsquo;\u00e9tudes tr\u00e8s vari\u00e9s, ils apprennent \u00e0 rechercher et traiter l&rsquo;information, \u00e0 argumenter et \u00e0 d\u00e9battre, \u00e0 travailler en \u00e9quipe. Les \u00e9valuations peuvent porter sur la pr\u00e9sentation d&rsquo;expos\u00e9s, la r\u00e9daction de textes argument\u00e9s, la participation \u00e0 un d\u00e9bat ou toute autre forme d&rsquo;exercice mobilisant les connaissances et les comp\u00e9tences attendues.<\/p>\n","protected":false},"excerpt":{"rendered":"<p>L&rsquo;histoire et la g\u00e9ographie sont \u00e9tudi\u00e9es ensemble depuis le coll\u00e8ge ; cela continue au lyc\u00e9e.&nbsp; L&rsquo;histoire consiste \u00e0 \u00e9tudier les &hellip; <\/p>\n","protected":false},"author":3,"featured_media":0,"parent":0,"menu_order":0,"comment_status":"closed","ping_status":"closed","template":"","meta":{"footnotes":""},"class_list":["post-188","page","type-page","status-publish","hentry"],"yoast_head":"<!-- This site is optimized with the Yoast SEO plugin v22.5 - https:\/\/yoast.com\/wordpress\/plugins\/seo\/ -->\n<title>Histoire-G\u00e9ographie et EMC (Enseignement Moral et Civique) - Lyc\u00e9e Polyvalent Paul Robert<\/title>\n<meta name=\"robots\" content=\"index, follow, max-snippet:-1, max-image-preview:large, max-video-preview:-1\" \/>\n<link rel=\"canonical\" href=\"https:\/\/lyceepaulrobert.fr\/index.php\/histoire-geographie\/\" \/>\n<meta property=\"og:locale\" content=\"fr_FR\" \/>\n<meta property=\"og:type\" content=\"article\" \/>\n<meta property=\"og:title\" content=\"Histoire-G\u00e9ographie et EMC (Enseignement Moral et Civique) - Lyc\u00e9e Polyvalent Paul Robert\" \/>\n<meta property=\"og:description\" content=\"L&rsquo;histoire et la g\u00e9ographie sont \u00e9tudi\u00e9es ensemble depuis le coll\u00e8ge ; cela continue au lyc\u00e9e.&nbsp; L&rsquo;histoire consiste \u00e0 \u00e9tudier les &hellip;\" \/>\n<meta property=\"og:url\" content=\"https:\/\/lyceepaulrobert.fr\/index.php\/histoire-geographie\/\" \/>\n<meta property=\"og:site_name\" content=\"Lyc\u00e9e Polyvalent Paul Robert\" \/>\n<meta property=\"article:modified_time\" content=\"2024-04-23T22:02:55+00:00\" \/>\n<meta name=\"twitter:card\" content=\"summary_large_image\" \/>\n<meta name=\"twitter:label1\" content=\"Dur\u00e9e de lecture estim\u00e9e\" \/>\n\t<meta name=\"twitter:data1\" content=\"2 minutes\" \/>\n<script type=\"application\/ld+json\" class=\"yoast-schema-graph\">{\"@context\":\"https:\/\/schema.org\",\"@graph\":[{\"@type\":\"WebPage\",\"@id\":\"https:\/\/lyceepaulrobert.fr\/index.php\/histoire-geographie\/\",\"url\":\"https:\/\/lyceepaulrobert.fr\/index.php\/histoire-geographie\/\",\"name\":\"Histoire-G\u00e9ographie et EMC (Enseignement Moral et Civique) - Lyc\u00e9e Polyvalent Paul Robert\",\"isPartOf\":{\"@id\":\"https:\/\/lyceepaulrobert.fr\/#website\"},\"datePublished\":\"2023-11-07T22:51:06+00:00\",\"dateModified\":\"2024-04-23T22:02:55+00:00\",\"breadcrumb\":{\"@id\":\"https:\/\/lyceepaulrobert.fr\/index.php\/histoire-geographie\/#breadcrumb\"},\"inLanguage\":\"fr-FR\",\"potentialAction\":[{\"@type\":\"ReadAction\",\"target\":[\"https:\/\/lyceepaulrobert.fr\/index.php\/histoire-geographie\/\"]}]},{\"@type\":\"BreadcrumbList\",\"@id\":\"https:\/\/lyceepaulrobert.fr\/index.php\/histoire-geographie\/#breadcrumb\",\"itemListElement\":[{\"@type\":\"ListItem\",\"position\":1,\"name\":\"Accueil\",\"item\":\"https:\/\/lyceepaulrobert.fr\/\"},{\"@type\":\"ListItem\",\"position\":2,\"name\":\"Histoire-G\u00e9ographie et EMC (Enseignement Moral et Civique)\"}]},{\"@type\":\"WebSite\",\"@id\":\"https:\/\/lyceepaulrobert.fr\/#website\",\"url\":\"https:\/\/lyceepaulrobert.fr\/\",\"name\":\"Lyc\u00e9e Polyvalent Paul Robert\",\"description\":\"\",\"potentialAction\":[{\"@type\":\"SearchAction\",\"target\":{\"@type\":\"EntryPoint\",\"urlTemplate\":\"https:\/\/lyceepaulrobert.fr\/?s={search_term_string}\"},\"query-input\":\"required name=search_term_string\"}],\"inLanguage\":\"fr-FR\"}]}<\/script>\n<!-- \/ Yoast SEO plugin. -->","yoast_head_json":{"title":"Histoire-G\u00e9ographie et EMC (Enseignement Moral et Civique) - Lyc\u00e9e Polyvalent Paul Robert","robots":{"index":"index","follow":"follow","max-snippet":"max-snippet:-1","max-image-preview":"max-image-preview:large","max-video-preview":"max-video-preview:-1"},"canonical":"https:\/\/lyceepaulrobert.fr\/index.php\/histoire-geographie\/","og_locale":"fr_FR","og_type":"article","og_title":"Histoire-G\u00e9ographie et EMC (Enseignement Moral et Civique) - Lyc\u00e9e Polyvalent Paul Robert","og_description":"L&rsquo;histoire et la g\u00e9ographie sont \u00e9tudi\u00e9es ensemble depuis le coll\u00e8ge ; cela continue au lyc\u00e9e.&nbsp; L&rsquo;histoire consiste \u00e0 \u00e9tudier les &hellip;","og_url":"https:\/\/lyceepaulrobert.fr\/index.php\/histoire-geographie\/","og_site_name":"Lyc\u00e9e Polyvalent Paul Robert","article_modified_time":"2024-04-23T22:02:55+00:00","twitter_card":"summary_large_image","twitter_misc":{"Dur\u00e9e de lecture estim\u00e9e":"2 minutes"},"schema":{"@context":"https:\/\/schema.org","@graph":[{"@type":"WebPage","@id":"https:\/\/lyceepaulrobert.fr\/index.php\/histoire-geographie\/","url":"https:\/\/lyceepaulrobert.fr\/index.php\/histoire-geographie\/","name":"Histoire-G\u00e9ographie et EMC (Enseignement Moral et Civique) - Lyc\u00e9e Polyvalent Paul Robert","isPartOf":{"@id":"https:\/\/lyceepaulrobert.fr\/#website"},"datePublished":"2023-11-07T22:51:06+00:00","dateModified":"2024-04-23T22:02:55+00:00","breadcrumb":{"@id":"https:\/\/lyceepaulrobert.fr\/index.php\/histoire-geographie\/#breadcrumb"},"inLanguage":"fr-FR","potentialAction":[{"@type":"ReadAction","target":["https:\/\/lyceepaulrobert.fr\/index.php\/histoire-geographie\/"]}]},{"@type":"BreadcrumbList","@id":"https:\/\/lyceepaulrobert.fr\/index.php\/histoire-geographie\/#breadcrumb","itemListElement":[{"@type":"ListItem","position":1,"name":"Accueil","item":"https:\/\/lyceepaulrobert.fr\/"},{"@type":"ListItem","position":2,"name":"Histoire-G\u00e9ographie et EMC (Enseignement Moral et Civique)"}]},{"@type":"WebSite","@id":"https:\/\/lyceepaulrobert.fr\/#website","url":"https:\/\/lyceepaulrobert.fr\/","name":"Lyc\u00e9e Polyvalent Paul Robert","description":"","potentialAction":[{"@type":"SearchAction","target":{"@type":"EntryPoint","urlTemplate":"https:\/\/lyceepaulrobert.fr\/?s={search_term_string}"},"query-input":"required name=search_term_string"}],"inLanguage":"fr-FR"}]}},"_links":{"self":[{"href":"https:\/\/lyceepaulrobert.fr\/index.php\/wp-json\/wp\/v2\/pages\/188","targetHints":{"allow":["GET"]}}],"collection":[{"href":"https:\/\/lyceepaulrobert.fr\/index.php\/wp-json\/wp\/v2\/pages"}],"about":[{"href":"https:\/\/lyceepaulrobert.fr\/index.php\/wp-json\/wp\/v2\/types\/page"}],"author":[{"embeddable":true,"href":"https:\/\/lyceepaulrobert.fr\/index.php\/wp-json\/wp\/v2\/users\/3"}],"replies":[{"embeddable":true,"href":"https:\/\/lyceepaulrobert.fr\/index.php\/wp-json\/wp\/v2\/comments?post=188"}],"version-history":[{"count":6,"href":"https:\/\/lyceepaulrobert.fr\/index.php\/wp-json\/wp\/v2\/pages\/188\/revisions"}],"predecessor-version":[{"id":283,"href":"https:\/\/lyceepaulrobert.fr\/index.php\/wp-json\/wp\/v2\/pages\/188\/revisions\/283"}],"wp:attachment":[{"href":"https:\/\/lyceepaulrobert.fr\/index.php\/wp-json\/wp\/v2\/media?parent=188"}],"curies":[{"name":"wp","href":"https:\/\/api.w.org\/{rel}","templated":true}]}}