{"id":191,"date":"2023-11-07T23:51:06","date_gmt":"2023-11-07T22:51:06","guid":{"rendered":"https:\/\/lyceepaulrobert.fr\/?page_id=191"},"modified":"2025-10-17T14:24:49","modified_gmt":"2025-10-17T12:24:49","slug":"club-echecs-et-go","status":"publish","type":"page","link":"https:\/\/lyceepaulrobert.fr\/index.php\/club-echecs-et-go\/","title":{"rendered":"Club \u00c9checs et Go"},"content":{"rendered":"\n<div class=\"wp-block-media-text has-media-on-the-right is-stacked-on-mobile\"><div class=\"wp-block-media-text__content\">\n<p>Le lyc\u00e9e Paul Robert accueille un club \u00e9checs et go.<\/p>\n\n\n\n<p>La pratique de ces jeux est \u00e0 la fois intellectuelle, ludique et sportive. Elle permet de d\u00e9velopper des comp\u00e9tences diverses, notamment la m\u00e9moire, le raisonnement logique, la capacit\u00e9 d&rsquo;abstraction, l&rsquo;analyse de probl\u00e8me et la mise en \u0153uvre de strat\u00e9gies de r\u00e9solution.<\/p>\n\n\n\n<p>Le club est ouvert \u00e0 tous, d\u00e9butants comme confirm\u00e9s, tous les mercredis, de 12h30 \u00e0 13h30, en salle 119.<\/p>\n\n\n\n<p>Il est anim\u00e9 par A. Koulitchenko.<\/p>\n<\/div><figure class=\"wp-block-media-text__media\"><img loading=\"lazy\" decoding=\"async\" width=\"1024\" height=\"576\" src=\"https:\/\/lyceepaulrobert.fr\/wp-content\/uploads\/2023\/11\/photo-go-1024x576.jpg\" alt=\"\" class=\"wp-image-212 size-full\" srcset=\"https:\/\/lyceepaulrobert.fr\/wp-content\/uploads\/2023\/11\/photo-go-1024x576.jpg 1024w, https:\/\/lyceepaulrobert.fr\/wp-content\/uploads\/2023\/11\/photo-go-300x169.jpg 300w, https:\/\/lyceepaulrobert.fr\/wp-content\/uploads\/2023\/11\/photo-go-768x432.jpg 768w, https:\/\/lyceepaulrobert.fr\/wp-content\/uploads\/2023\/11\/photo-go.jpg 1400w\" sizes=\"auto, (max-width: 1024px) 100vw, 1024px\" \/><\/figure><\/div>\n","protected":false},"excerpt":{"rendered":"<p>Le lyc\u00e9e Paul Robert accueille un club \u00e9checs et go. La pratique de ces jeux est \u00e0 la fois intellectuelle, &hellip; <\/p>\n","protected":false},"author":3,"featured_media":211,"parent":0,"menu_order":0,"comment_status":"closed","ping_status":"closed","template":"","meta":{"footnotes":""},"class_list":["post-191","page","type-page","status-publish","has-post-thumbnail","hentry"],"yoast_head":"<!-- This site is optimized with the Yoast SEO plugin v22.5 - https:\/\/yoast.com\/wordpress\/plugins\/seo\/ -->\n<title>Club \u00c9checs et Go - Lyc\u00e9e Polyvalent Paul Robert<\/title>\n<meta name=\"robots\" content=\"index, follow, max-snippet:-1, max-image-preview:large, max-video-preview:-1\" \/>\n<link rel=\"canonical\" href=\"https:\/\/lyceepaulrobert.fr\/index.php\/club-echecs-et-go\/\" \/>\n<meta property=\"og:locale\" content=\"fr_FR\" \/>\n<meta property=\"og:type\" content=\"article\" \/>\n<meta property=\"og:title\" content=\"Club \u00c9checs et Go - Lyc\u00e9e Polyvalent Paul Robert\" \/>\n<meta property=\"og:description\" content=\"Le lyc\u00e9e Paul Robert accueille un club \u00e9checs et go. La pratique de ces jeux est \u00e0 la fois intellectuelle, &hellip;\" \/>\n<meta property=\"og:url\" content=\"https:\/\/lyceepaulrobert.fr\/index.php\/club-echecs-et-go\/\" \/>\n<meta property=\"og:site_name\" content=\"Lyc\u00e9e Polyvalent Paul Robert\" \/>\n<meta property=\"article:modified_time\" content=\"2025-10-17T12:24:49+00:00\" \/>\n<meta property=\"og:image\" content=\"https:\/\/lyceepaulrobert.fr\/wp-content\/uploads\/2023\/11\/photo-echecs.jpg\" \/>\n\t<meta property=\"og:image:width\" content=\"1500\" \/>\n\t<meta property=\"og:image:height\" content=\"843\" \/>\n\t<meta property=\"og:image:type\" content=\"image\/jpeg\" \/>\n<meta name=\"twitter:card\" content=\"summary_large_image\" \/>\n<meta name=\"twitter:label1\" content=\"Dur\u00e9e de lecture estim\u00e9e\" \/>\n\t<meta name=\"twitter:data1\" content=\"1 minute\" \/>\n<script type=\"application\/ld+json\" class=\"yoast-schema-graph\">{\"@context\":\"https:\/\/schema.org\",\"@graph\":[{\"@type\":\"WebPage\",\"@id\":\"https:\/\/lyceepaulrobert.fr\/index.php\/club-echecs-et-go\/\",\"url\":\"https:\/\/lyceepaulrobert.fr\/index.php\/club-echecs-et-go\/\",\"name\":\"Club \u00c9checs et Go - Lyc\u00e9e Polyvalent Paul Robert\",\"isPartOf\":{\"@id\":\"https:\/\/lyceepaulrobert.fr\/#website\"},\"primaryImageOfPage\":{\"@id\":\"https:\/\/lyceepaulrobert.fr\/index.php\/club-echecs-et-go\/#primaryimage\"},\"image\":{\"@id\":\"https:\/\/lyceepaulrobert.fr\/index.php\/club-echecs-et-go\/#primaryimage\"},\"thumbnailUrl\":\"https:\/\/lyceepaulrobert.fr\/wp-content\/uploads\/2023\/11\/photo-echecs.jpg\",\"datePublished\":\"2023-11-07T22:51:06+00:00\",\"dateModified\":\"2025-10-17T12:24:49+00:00\",\"breadcrumb\":{\"@id\":\"https:\/\/lyceepaulrobert.fr\/index.php\/club-echecs-et-go\/#breadcrumb\"},\"inLanguage\":\"fr-FR\",\"potentialAction\":[{\"@type\":\"ReadAction\",\"target\":[\"https:\/\/lyceepaulrobert.fr\/index.php\/club-echecs-et-go\/\"]}]},{\"@type\":\"ImageObject\",\"inLanguage\":\"fr-FR\",\"@id\":\"https:\/\/lyceepaulrobert.fr\/index.php\/club-echecs-et-go\/#primaryimage\",\"url\":\"https:\/\/lyceepaulrobert.fr\/wp-content\/uploads\/2023\/11\/photo-echecs.jpg\",\"contentUrl\":\"https:\/\/lyceepaulrobert.fr\/wp-content\/uploads\/2023\/11\/photo-echecs.jpg\",\"width\":1500,\"height\":843},{\"@type\":\"BreadcrumbList\",\"@id\":\"https:\/\/lyceepaulrobert.fr\/index.php\/club-echecs-et-go\/#breadcrumb\",\"itemListElement\":[{\"@type\":\"ListItem\",\"position\":1,\"name\":\"Accueil\",\"item\":\"https:\/\/lyceepaulrobert.fr\/\"},{\"@type\":\"ListItem\",\"position\":2,\"name\":\"Club \u00c9checs et Go\"}]},{\"@type\":\"WebSite\",\"@id\":\"https:\/\/lyceepaulrobert.fr\/#website\",\"url\":\"https:\/\/lyceepaulrobert.fr\/\",\"name\":\"Lyc\u00e9e Polyvalent Paul Robert\",\"description\":\"\",\"potentialAction\":[{\"@type\":\"SearchAction\",\"target\":{\"@type\":\"EntryPoint\",\"urlTemplate\":\"https:\/\/lyceepaulrobert.fr\/?s={search_term_string}\"},\"query-input\":\"required name=search_term_string\"}],\"inLanguage\":\"fr-FR\"}]}<\/script>\n<!-- \/ Yoast SEO plugin. -->","yoast_head_json":{"title":"Club \u00c9checs et Go - Lyc\u00e9e Polyvalent Paul Robert","robots":{"index":"index","follow":"follow","max-snippet":"max-snippet:-1","max-image-preview":"max-image-preview:large","max-video-preview":"max-video-preview:-1"},"canonical":"https:\/\/lyceepaulrobert.fr\/index.php\/club-echecs-et-go\/","og_locale":"fr_FR","og_type":"article","og_title":"Club \u00c9checs et Go - Lyc\u00e9e Polyvalent Paul Robert","og_description":"Le lyc\u00e9e Paul Robert accueille un club \u00e9checs et go. La pratique de ces jeux est \u00e0 la fois intellectuelle, &hellip;","og_url":"https:\/\/lyceepaulrobert.fr\/index.php\/club-echecs-et-go\/","og_site_name":"Lyc\u00e9e Polyvalent Paul Robert","article_modified_time":"2025-10-17T12:24:49+00:00","og_image":[{"width":1500,"height":843,"url":"https:\/\/lyceepaulrobert.fr\/wp-content\/uploads\/2023\/11\/photo-echecs.jpg","type":"image\/jpeg"}],"twitter_card":"summary_large_image","twitter_misc":{"Dur\u00e9e de lecture estim\u00e9e":"1 minute"},"schema":{"@context":"https:\/\/schema.org","@graph":[{"@type":"WebPage","@id":"https:\/\/lyceepaulrobert.fr\/index.php\/club-echecs-et-go\/","url":"https:\/\/lyceepaulrobert.fr\/index.php\/club-echecs-et-go\/","name":"Club \u00c9checs et Go - Lyc\u00e9e Polyvalent Paul Robert","isPartOf":{"@id":"https:\/\/lyceepaulrobert.fr\/#website"},"primaryImageOfPage":{"@id":"https:\/\/lyceepaulrobert.fr\/index.php\/club-echecs-et-go\/#primaryimage"},"image":{"@id":"https:\/\/lyceepaulrobert.fr\/index.php\/club-echecs-et-go\/#primaryimage"},"thumbnailUrl":"https:\/\/lyceepaulrobert.fr\/wp-content\/uploads\/2023\/11\/photo-echecs.jpg","datePublished":"2023-11-07T22:51:06+00:00","dateModified":"2025-10-17T12:24:49+00:00","breadcrumb":{"@id":"https:\/\/lyceepaulrobert.fr\/index.php\/club-echecs-et-go\/#breadcrumb"},"inLanguage":"fr-FR","potentialAction":[{"@type":"ReadAction","target":["https:\/\/lyceepaulrobert.fr\/index.php\/club-echecs-et-go\/"]}]},{"@type":"ImageObject","inLanguage":"fr-FR","@id":"https:\/\/lyceepaulrobert.fr\/index.php\/club-echecs-et-go\/#primaryimage","url":"https:\/\/lyceepaulrobert.fr\/wp-content\/uploads\/2023\/11\/photo-echecs.jpg","contentUrl":"https:\/\/lyceepaulrobert.fr\/wp-content\/uploads\/2023\/11\/photo-echecs.jpg","width":1500,"height":843},{"@type":"BreadcrumbList","@id":"https:\/\/lyceepaulrobert.fr\/index.php\/club-echecs-et-go\/#breadcrumb","itemListElement":[{"@type":"ListItem","position":1,"name":"Accueil","item":"https:\/\/lyceepaulrobert.fr\/"},{"@type":"ListItem","position":2,"name":"Club \u00c9checs et Go"}]},{"@type":"WebSite","@id":"https:\/\/lyceepaulrobert.fr\/#website","url":"https:\/\/lyceepaulrobert.fr\/","name":"Lyc\u00e9e Polyvalent Paul Robert","description":"","potentialAction":[{"@type":"SearchAction","target":{"@type":"EntryPoint","urlTemplate":"https:\/\/lyceepaulrobert.fr\/?s={search_term_string}"},"query-input":"required name=search_term_string"}],"inLanguage":"fr-FR"}]}},"_links":{"self":[{"href":"https:\/\/lyceepaulrobert.fr\/index.php\/wp-json\/wp\/v2\/pages\/191","targetHints":{"allow":["GET"]}}],"collection":[{"href":"https:\/\/lyceepaulrobert.fr\/index.php\/wp-json\/wp\/v2\/pages"}],"about":[{"href":"https:\/\/lyceepaulrobert.fr\/index.php\/wp-json\/wp\/v2\/types\/page"}],"author":[{"embeddable":true,"href":"https:\/\/lyceepaulrobert.fr\/index.php\/wp-json\/wp\/v2\/users\/3"}],"replies":[{"embeddable":true,"href":"https:\/\/lyceepaulrobert.fr\/index.php\/wp-json\/wp\/v2\/comments?post=191"}],"version-history":[{"count":5,"href":"https:\/\/lyceepaulrobert.fr\/index.php\/wp-json\/wp\/v2\/pages\/191\/revisions"}],"predecessor-version":[{"id":489,"href":"https:\/\/lyceepaulrobert.fr\/index.php\/wp-json\/wp\/v2\/pages\/191\/revisions\/489"}],"wp:featuredmedia":[{"embeddable":true,"href":"https:\/\/lyceepaulrobert.fr\/index.php\/wp-json\/wp\/v2\/media\/211"}],"wp:attachment":[{"href":"https:\/\/lyceepaulrobert.fr\/index.php\/wp-json\/wp\/v2\/media?parent=191"}],"curies":[{"name":"wp","href":"https:\/\/api.w.org\/{rel}","templated":true}]}}