{"id":259,"date":"2024-04-23T23:41:53","date_gmt":"2024-04-23T21:41:53","guid":{"rendered":"https:\/\/lyceepaulrobert.fr\/?page_id=259"},"modified":"2024-04-24T09:43:04","modified_gmt":"2024-04-24T07:43:04","slug":"tronc-commun-et-specialite-svt","status":"publish","type":"page","link":"https:\/\/lyceepaulrobert.fr\/index.php\/tronc-commun-et-specialite-svt\/","title":{"rendered":"Tronc commun et sp\u00e9cialit\u00e9: SVT"},"content":{"rendered":"\n<div class=\"wp-block-media-text has-media-on-the-right is-stacked-on-mobile\"><div class=\"wp-block-media-text__content\">\n<p>La sp\u00e9cialit\u00e9 SVT c\u2019est 4 heures (en Premi\u00e8re) et 6 heures (en terminale)<br>chaque semaine dont (au moins) deux heures de travaux pratiques.<\/p>\n<\/div><figure class=\"wp-block-media-text__media\"><img loading=\"lazy\" decoding=\"async\" width=\"575\" height=\"502\" src=\"https:\/\/lyceepaulrobert.fr\/wp-content\/uploads\/2024\/04\/SVT-2.png\" alt=\"\" class=\"wp-image-324 size-full\" srcset=\"https:\/\/lyceepaulrobert.fr\/wp-content\/uploads\/2024\/04\/SVT-2.png 575w, https:\/\/lyceepaulrobert.fr\/wp-content\/uploads\/2024\/04\/SVT-2-300x262.png 300w\" sizes=\"auto, (max-width: 575px) 100vw, 575px\" \/><\/figure><\/div>\n\n\n\n<p><br>Le choix de la sp\u00e9cialit\u00e9 doit se faire :<\/p>\n\n\n\n<ul class=\"wp-block-list\">\n<li>en fonction des <strong>go\u00fbts personnels<\/strong>,<\/li>\n\n\n\n<li>en fonction des <strong>comp\u00e9tences<\/strong> (il faut avoir un niveau correct<br>dans la mati\u00e8re choisie de fa\u00e7on \u00e0 bien suivre et ne pas perdre<br>de points au bac),<\/li>\n\n\n\n<li>en fonction des <strong>poursuites d\u2019\u00e9tudes<\/strong> (lorsque celles qui sont<br>envisag\u00e9es sont directement li\u00e9es \u00e0 une mati\u00e8re de sp\u00e9cialit\u00e9).<\/li>\n<\/ul>\n\n\n\n<p>Objectifs de la sp\u00e9cialit\u00e9 SVT:<br>Ma\u00eetriser des connaissances valid\u00e9es scientifiquement et ma\u00eetriser des modes de raisonnement propres aux sciences <strong>= Acqu\u00e9rir une culture scientifique solide<\/strong><br>D\u00e9velopper un esprit critique et devenir un citoyen responsable de ses choix <strong>= Appr\u00e9hender le monde actuel et son \u00e9volution<\/strong><br>Poursuivre des \u00e9tudes scientifiques dans l\u2019enseignement sup\u00e9rieur<\/p>\n\n\n\n<p class=\"has-black-color has-text-color has-link-color wp-elements-e846ea9712ca171c178fa9428c79758e\">Le programme de la sp\u00e9cialit\u00e9 SVT<br>Le programme est tr\u00e8s concret car bas\u00e9 sur de nombreux TP.<br>Les connaissances sont acquises gr\u00e2ce \u00e0 la mise en \u0153uvre de d\u00e9marches<br>d&rsquo;investigation (fond\u00e9es sur le raisonnement, l&rsquo;observation, l\u2019exp\u00e9rimentation,<br>le d\u00e9bat argument\u00e9, etc.) qui offrent une place pr\u00e9pond\u00e9rante \u00e0 l&rsquo;initiative de<br>l&rsquo;\u00e9l\u00e8ve, au d\u00e9veloppement de son autonomie et de ses comp\u00e9tences..<br>Les th\u00e8mes abord\u00e9s permettront notamment de d\u00e9velopper par la pratique des<br>capacit\u00e9s m\u00e9thodologiques portant sur:<\/p>\n\n\n\n<ul class=\"wp-block-list\">\n<li>la microscopie<\/li>\n\n\n\n<li>l&rsquo;exp\u00e9rimentation,<\/li>\n\n\n\n<li>l&rsquo;analyse du terrain,<\/li>\n\n\n\n<li>la recherche documentaire,<\/li>\n\n\n\n<li>la mod\u00e9lisation num\u00e9rique, etc..<\/li>\n<\/ul>\n\n\n\n<h2 class=\"wp-block-heading\">Th\u00e8me : La Terre, la vie et l\u2019organisation du vivant en premi\u00e8re<\/h2>\n\n\n\n<figure class=\"wp-block-gallery has-nested-images columns-default is-cropped wp-block-gallery-1 is-layout-flex wp-block-gallery-is-layout-flex\">\n<figure class=\"wp-block-image size-large\"><img loading=\"lazy\" decoding=\"async\" width=\"374\" height=\"319\" data-id=\"326\" src=\"https:\/\/lyceepaulrobert.fr\/wp-content\/uploads\/2024\/04\/SVT-4.png\" alt=\"\" class=\"wp-image-326\" srcset=\"https:\/\/lyceepaulrobert.fr\/wp-content\/uploads\/2024\/04\/SVT-4.png 374w, https:\/\/lyceepaulrobert.fr\/wp-content\/uploads\/2024\/04\/SVT-4-300x256.png 300w\" sizes=\"auto, (max-width: 374px) 100vw, 374px\" \/><figcaption class=\"wp-element-caption\">Transmission, variation et expression du patrimoine<br>g\u00e9n\u00e9tique<\/figcaption><\/figure>\n\n\n\n<figure class=\"wp-block-image size-large\"><img loading=\"lazy\" decoding=\"async\" width=\"622\" height=\"288\" data-id=\"327\" src=\"https:\/\/lyceepaulrobert.fr\/wp-content\/uploads\/2024\/04\/SVT-5.png\" alt=\"\" class=\"wp-image-327\" srcset=\"https:\/\/lyceepaulrobert.fr\/wp-content\/uploads\/2024\/04\/SVT-5.png 622w, https:\/\/lyceepaulrobert.fr\/wp-content\/uploads\/2024\/04\/SVT-5-300x139.png 300w\" sizes=\"auto, (max-width: 622px) 100vw, 622px\" \/><figcaption class=\"wp-element-caption\"><strong>La dynamique interne de<br>la Terre<\/strong><\/figcaption><\/figure>\n<\/figure>\n\n\n\n<h2 class=\"wp-block-heading\">Th\u00e8me : La Terre, la vie et l\u2019organisation du vivant en Terminale<\/h2>\n\n\n\n<div class=\"wp-block-media-text is-stacked-on-mobile\"><figure class=\"wp-block-media-text__media\"><img loading=\"lazy\" decoding=\"async\" width=\"374\" height=\"319\" src=\"https:\/\/lyceepaulrobert.fr\/wp-content\/uploads\/2024\/04\/SVT-4-1.png\" alt=\"\" class=\"wp-image-328 size-full\" srcset=\"https:\/\/lyceepaulrobert.fr\/wp-content\/uploads\/2024\/04\/SVT-4-1.png 374w, https:\/\/lyceepaulrobert.fr\/wp-content\/uploads\/2024\/04\/SVT-4-1-300x256.png 300w\" sizes=\"auto, (max-width: 374px) 100vw, 374px\" \/><\/figure><div class=\"wp-block-media-text__content\">\n<p>G\u00e9n\u00e9tique et \u00e9volution<br>Origine du g\u00e9notype des individus<br>Diversification du vivant<br>L\u2019in\u00e9luctable \u00e9volution des<br>g\u00e9nomes au sein des populations<\/p>\n<\/div><\/div>\n\n\n\n<div class=\"wp-block-media-text is-stacked-on-mobile\"><figure class=\"wp-block-media-text__media\"><img loading=\"lazy\" decoding=\"async\" width=\"553\" height=\"365\" src=\"https:\/\/lyceepaulrobert.fr\/wp-content\/uploads\/2024\/04\/SVT-6.png\" alt=\"\" class=\"wp-image-329 size-full\" srcset=\"https:\/\/lyceepaulrobert.fr\/wp-content\/uploads\/2024\/04\/SVT-6.png 553w, https:\/\/lyceepaulrobert.fr\/wp-content\/uploads\/2024\/04\/SVT-6-300x198.png 300w\" sizes=\"auto, (max-width: 553px) 100vw, 553px\" \/><\/figure><div class=\"wp-block-media-text__content\">\n<p>A la recherche du pass\u00e9 g\u00e9ologique de notre plan\u00e8te<br>Le temps et les roches<br>Les traces du pass\u00e9<br>mouvement\u00e9 de la Terre<\/p>\n<\/div><\/div>\n\n\n\n<h2 class=\"wp-block-heading\">Th\u00e8me Enjeux contemporains de la plan\u00e8te en Premi\u00e8re<\/h2>\n\n\n\n<p>Ecosyst\u00e8mes et services environnementaux<\/p>\n\n\n\n<figure class=\"wp-block-image size-large\"><img loading=\"lazy\" decoding=\"async\" width=\"1024\" height=\"424\" src=\"https:\/\/lyceepaulrobert.fr\/wp-content\/uploads\/2024\/04\/SVT-7-1024x424.png\" alt=\"\" class=\"wp-image-330\" srcset=\"https:\/\/lyceepaulrobert.fr\/wp-content\/uploads\/2024\/04\/SVT-7-1024x424.png 1024w, https:\/\/lyceepaulrobert.fr\/wp-content\/uploads\/2024\/04\/SVT-7-300x124.png 300w, https:\/\/lyceepaulrobert.fr\/wp-content\/uploads\/2024\/04\/SVT-7-768x318.png 768w, https:\/\/lyceepaulrobert.fr\/wp-content\/uploads\/2024\/04\/SVT-7.png 1168w\" sizes=\"auto, (max-width: 1024px) 100vw, 1024px\" \/><\/figure>\n\n\n\n<h2 class=\"wp-block-heading\">Th\u00e8me Enjeux contemporains de la plan\u00e8te en Terminale<\/h2>\n\n\n\n<p>De plante sauvage \u00e0 la plante domestiqu\u00e9e: Organisation fonctionnelle et reproduction des plantes \u00e0 fleurs et Domestication des plantes <\/p>\n\n\n\n<figure class=\"wp-block-gallery has-nested-images columns-default is-cropped wp-block-gallery-2 is-layout-flex wp-block-gallery-is-layout-flex\">\n<figure class=\"wp-block-image size-large\"><img loading=\"lazy\" decoding=\"async\" width=\"592\" height=\"444\" data-id=\"332\" src=\"https:\/\/lyceepaulrobert.fr\/wp-content\/uploads\/2024\/04\/SVT-8.png\" alt=\"\" class=\"wp-image-332\" srcset=\"https:\/\/lyceepaulrobert.fr\/wp-content\/uploads\/2024\/04\/SVT-8.png 592w, https:\/\/lyceepaulrobert.fr\/wp-content\/uploads\/2024\/04\/SVT-8-300x225.png 300w\" sizes=\"auto, (max-width: 592px) 100vw, 592px\" \/><\/figure>\n\n\n\n<figure class=\"wp-block-image size-large\"><img loading=\"lazy\" decoding=\"async\" width=\"577\" height=\"293\" data-id=\"331\" src=\"https:\/\/lyceepaulrobert.fr\/wp-content\/uploads\/2024\/04\/SVT-9.png\" alt=\"\" class=\"wp-image-331\" srcset=\"https:\/\/lyceepaulrobert.fr\/wp-content\/uploads\/2024\/04\/SVT-9.png 577w, https:\/\/lyceepaulrobert.fr\/wp-content\/uploads\/2024\/04\/SVT-9-300x152.png 300w\" sizes=\"auto, (max-width: 577px) 100vw, 577px\" \/><\/figure>\n<\/figure>\n\n\n\n<h2 class=\"wp-block-heading\">Th\u00e8me Corps humain et sant\u00e9 en Premi\u00e8re<\/h2>\n\n\n\n<div class=\"wp-block-media-text is-stacked-on-mobile\"><figure class=\"wp-block-media-text__media\"><img loading=\"lazy\" decoding=\"async\" width=\"605\" height=\"461\" src=\"https:\/\/lyceepaulrobert.fr\/wp-content\/uploads\/2024\/04\/SVT-10.png\" alt=\"\" class=\"wp-image-333 size-full\" srcset=\"https:\/\/lyceepaulrobert.fr\/wp-content\/uploads\/2024\/04\/SVT-10.png 605w, https:\/\/lyceepaulrobert.fr\/wp-content\/uploads\/2024\/04\/SVT-10-300x229.png 300w\" sizes=\"auto, (max-width: 605px) 100vw, 605px\" \/><\/figure><div class=\"wp-block-media-text__content\">\n<p>Variation g\u00e9n\u00e9tique et<br>sant\u00e9 : les maladies g\u00e9n\u00e9tiques,<br>les cancers, la r\u00e9sistance<br>bact\u00e9rienne aux antibiotiques, etc.<\/p>\n<\/div><\/div>\n\n\n\n<div class=\"wp-block-media-text is-stacked-on-mobile\"><figure class=\"wp-block-media-text__media\"><img loading=\"lazy\" decoding=\"async\" width=\"536\" height=\"374\" src=\"https:\/\/lyceepaulrobert.fr\/wp-content\/uploads\/2024\/04\/SVT-11.png\" alt=\"\" class=\"wp-image-334 size-full\" srcset=\"https:\/\/lyceepaulrobert.fr\/wp-content\/uploads\/2024\/04\/SVT-11.png 536w, https:\/\/lyceepaulrobert.fr\/wp-content\/uploads\/2024\/04\/SVT-11-300x209.png 300w\" sizes=\"auto, (max-width: 536px) 100vw, 536px\" \/><\/figure><div class=\"wp-block-media-text__content\">\n<p>Le fonctionnement du syst\u00e8me immunitaire<br>humain<\/p>\n<\/div><\/div>\n\n\n\n<h2 class=\"wp-block-heading\">Th\u00e8me Corps humain et sant\u00e9 en Terminale<\/h2>\n\n\n\n<p>Comportements, mouvement et syst\u00e8me nerveux<br>Produire le mouvement : contraction musculaire et apport d\u2019\u00e9nergie<br>Les r\u00e9ponses de l\u2019organisme face au stress : le stress aigu et le stress chronique<\/p>\n\n\n\n<figure class=\"wp-block-gallery has-nested-images columns-default is-cropped wp-block-gallery-3 is-layout-flex wp-block-gallery-is-layout-flex\">\n<figure class=\"wp-block-image size-large\"><img loading=\"lazy\" decoding=\"async\" width=\"1024\" height=\"333\" data-id=\"335\" src=\"https:\/\/lyceepaulrobert.fr\/wp-content\/uploads\/2024\/04\/SVt-12-1024x333.png\" alt=\"\" class=\"wp-image-335\" srcset=\"https:\/\/lyceepaulrobert.fr\/wp-content\/uploads\/2024\/04\/SVt-12-1024x333.png 1024w, https:\/\/lyceepaulrobert.fr\/wp-content\/uploads\/2024\/04\/SVt-12-300x98.png 300w, https:\/\/lyceepaulrobert.fr\/wp-content\/uploads\/2024\/04\/SVt-12-768x250.png 768w, https:\/\/lyceepaulrobert.fr\/wp-content\/uploads\/2024\/04\/SVt-12.png 1177w\" sizes=\"auto, (max-width: 1024px) 100vw, 1024px\" \/><\/figure>\n<\/figure>\n\n\n\n<h2 class=\"wp-block-heading\">ECE (\u00c9valuation des comp\u00e9tences exp\u00e9rimentales)<\/h2>\n\n\n\n<p><br>En SVT, l&rsquo;\u00e9preuve au baccalaur\u00e9at comporte deux parties :<\/p>\n\n\n\n<ul class=\"wp-block-list\">\n<li>une partie \u00e9crite, comptant pour 15 points sur 20,<\/li>\n\n\n\n<li>une partie pratique avec \u00e9valuation des comp\u00e9tences<br>exp\u00e9rimentales, comptant pour 5 points sur 20.<br>La note globale de l&rsquo;\u00e9preuve est donn\u00e9e sur 20 points.<\/li>\n<\/ul>\n\n\n\n<h2 class=\"wp-block-heading\">Poursuites d\u2019\u00e9tudes avec la sp\u00e9cialit\u00e9 SVT<\/h2>\n\n\n\n<figure class=\"wp-block-image size-full\"><img loading=\"lazy\" decoding=\"async\" width=\"1004\" height=\"753\" src=\"https:\/\/lyceepaulrobert.fr\/wp-content\/uploads\/2024\/04\/SVT-13.png\" alt=\"\" class=\"wp-image-336\" srcset=\"https:\/\/lyceepaulrobert.fr\/wp-content\/uploads\/2024\/04\/SVT-13.png 1004w, https:\/\/lyceepaulrobert.fr\/wp-content\/uploads\/2024\/04\/SVT-13-300x225.png 300w, https:\/\/lyceepaulrobert.fr\/wp-content\/uploads\/2024\/04\/SVT-13-768x576.png 768w\" sizes=\"auto, (max-width: 1004px) 100vw, 1004px\" \/><\/figure>\n\n\n\n<figure class=\"wp-block-image size-large\"><img loading=\"lazy\" decoding=\"async\" width=\"1024\" height=\"737\" src=\"https:\/\/lyceepaulrobert.fr\/wp-content\/uploads\/2024\/04\/SVT-14-1024x737.png\" alt=\"\" class=\"wp-image-337\" srcset=\"https:\/\/lyceepaulrobert.fr\/wp-content\/uploads\/2024\/04\/SVT-14-1024x737.png 1024w, https:\/\/lyceepaulrobert.fr\/wp-content\/uploads\/2024\/04\/SVT-14-300x216.png 300w, https:\/\/lyceepaulrobert.fr\/wp-content\/uploads\/2024\/04\/SVT-14-768x552.png 768w, https:\/\/lyceepaulrobert.fr\/wp-content\/uploads\/2024\/04\/SVT-14.png 1069w\" sizes=\"auto, (max-width: 1024px) 100vw, 1024px\" \/><\/figure>\n","protected":false},"excerpt":{"rendered":"<p>La sp\u00e9cialit\u00e9 SVT c\u2019est 4 heures (en Premi\u00e8re) et 6 heures (en terminale)chaque semaine dont (au moins) deux heures de &hellip; <\/p>\n","protected":false},"author":3,"featured_media":338,"parent":0,"menu_order":0,"comment_status":"closed","ping_status":"closed","template":"","meta":{"footnotes":""},"class_list":["post-259","page","type-page","status-publish","has-post-thumbnail","hentry"],"yoast_head":"<!-- This site is optimized with the Yoast SEO plugin v22.5 - https:\/\/yoast.com\/wordpress\/plugins\/seo\/ -->\n<title>Tronc commun et sp\u00e9cialit\u00e9: SVT - Lyc\u00e9e Polyvalent Paul Robert<\/title>\n<meta name=\"robots\" content=\"index, follow, max-snippet:-1, max-image-preview:large, max-video-preview:-1\" \/>\n<link rel=\"canonical\" href=\"https:\/\/lyceepaulrobert.fr\/index.php\/tronc-commun-et-specialite-svt\/\" \/>\n<meta property=\"og:locale\" content=\"fr_FR\" \/>\n<meta property=\"og:type\" content=\"article\" \/>\n<meta property=\"og:title\" content=\"Tronc commun et sp\u00e9cialit\u00e9: SVT - Lyc\u00e9e Polyvalent Paul Robert\" \/>\n<meta property=\"og:description\" content=\"La sp\u00e9cialit\u00e9 SVT c\u2019est 4 heures (en Premi\u00e8re) et 6 heures (en terminale)chaque semaine dont (au moins) deux heures de &hellip;\" \/>\n<meta property=\"og:url\" content=\"https:\/\/lyceepaulrobert.fr\/index.php\/tronc-commun-et-specialite-svt\/\" \/>\n<meta property=\"og:site_name\" content=\"Lyc\u00e9e Polyvalent Paul Robert\" \/>\n<meta property=\"article:modified_time\" content=\"2024-04-24T07:43:04+00:00\" \/>\n<meta property=\"og:image\" content=\"https:\/\/lyceepaulrobert.fr\/wp-content\/uploads\/2024\/04\/SVT-1.png\" \/>\n\t<meta property=\"og:image:width\" content=\"656\" \/>\n\t<meta property=\"og:image:height\" content=\"623\" \/>\n\t<meta property=\"og:image:type\" content=\"image\/png\" \/>\n<meta name=\"twitter:card\" content=\"summary_large_image\" \/>\n<meta name=\"twitter:label1\" content=\"Dur\u00e9e de lecture estim\u00e9e\" \/>\n\t<meta name=\"twitter:data1\" content=\"3 minutes\" \/>\n<script type=\"application\/ld+json\" class=\"yoast-schema-graph\">{\"@context\":\"https:\/\/schema.org\",\"@graph\":[{\"@type\":\"WebPage\",\"@id\":\"https:\/\/lyceepaulrobert.fr\/index.php\/tronc-commun-et-specialite-svt\/\",\"url\":\"https:\/\/lyceepaulrobert.fr\/index.php\/tronc-commun-et-specialite-svt\/\",\"name\":\"Tronc commun et sp\u00e9cialit\u00e9: SVT - Lyc\u00e9e Polyvalent Paul Robert\",\"isPartOf\":{\"@id\":\"https:\/\/lyceepaulrobert.fr\/#website\"},\"primaryImageOfPage\":{\"@id\":\"https:\/\/lyceepaulrobert.fr\/index.php\/tronc-commun-et-specialite-svt\/#primaryimage\"},\"image\":{\"@id\":\"https:\/\/lyceepaulrobert.fr\/index.php\/tronc-commun-et-specialite-svt\/#primaryimage\"},\"thumbnailUrl\":\"https:\/\/lyceepaulrobert.fr\/wp-content\/uploads\/2024\/04\/SVT-1.png\",\"datePublished\":\"2024-04-23T21:41:53+00:00\",\"dateModified\":\"2024-04-24T07:43:04+00:00\",\"breadcrumb\":{\"@id\":\"https:\/\/lyceepaulrobert.fr\/index.php\/tronc-commun-et-specialite-svt\/#breadcrumb\"},\"inLanguage\":\"fr-FR\",\"potentialAction\":[{\"@type\":\"ReadAction\",\"target\":[\"https:\/\/lyceepaulrobert.fr\/index.php\/tronc-commun-et-specialite-svt\/\"]}]},{\"@type\":\"ImageObject\",\"inLanguage\":\"fr-FR\",\"@id\":\"https:\/\/lyceepaulrobert.fr\/index.php\/tronc-commun-et-specialite-svt\/#primaryimage\",\"url\":\"https:\/\/lyceepaulrobert.fr\/wp-content\/uploads\/2024\/04\/SVT-1.png\",\"contentUrl\":\"https:\/\/lyceepaulrobert.fr\/wp-content\/uploads\/2024\/04\/SVT-1.png\",\"width\":656,\"height\":623},{\"@type\":\"BreadcrumbList\",\"@id\":\"https:\/\/lyceepaulrobert.fr\/index.php\/tronc-commun-et-specialite-svt\/#breadcrumb\",\"itemListElement\":[{\"@type\":\"ListItem\",\"position\":1,\"name\":\"Accueil\",\"item\":\"https:\/\/lyceepaulrobert.fr\/\"},{\"@type\":\"ListItem\",\"position\":2,\"name\":\"Tronc commun et sp\u00e9cialit\u00e9: SVT\"}]},{\"@type\":\"WebSite\",\"@id\":\"https:\/\/lyceepaulrobert.fr\/#website\",\"url\":\"https:\/\/lyceepaulrobert.fr\/\",\"name\":\"Lyc\u00e9e Polyvalent Paul Robert\",\"description\":\"\",\"potentialAction\":[{\"@type\":\"SearchAction\",\"target\":{\"@type\":\"EntryPoint\",\"urlTemplate\":\"https:\/\/lyceepaulrobert.fr\/?s={search_term_string}\"},\"query-input\":\"required name=search_term_string\"}],\"inLanguage\":\"fr-FR\"}]}<\/script>\n<!-- \/ Yoast SEO plugin. -->","yoast_head_json":{"title":"Tronc commun et sp\u00e9cialit\u00e9: SVT - Lyc\u00e9e Polyvalent Paul Robert","robots":{"index":"index","follow":"follow","max-snippet":"max-snippet:-1","max-image-preview":"max-image-preview:large","max-video-preview":"max-video-preview:-1"},"canonical":"https:\/\/lyceepaulrobert.fr\/index.php\/tronc-commun-et-specialite-svt\/","og_locale":"fr_FR","og_type":"article","og_title":"Tronc commun et sp\u00e9cialit\u00e9: SVT - Lyc\u00e9e Polyvalent Paul Robert","og_description":"La sp\u00e9cialit\u00e9 SVT c\u2019est 4 heures (en Premi\u00e8re) et 6 heures (en terminale)chaque semaine dont (au moins) deux heures de &hellip;","og_url":"https:\/\/lyceepaulrobert.fr\/index.php\/tronc-commun-et-specialite-svt\/","og_site_name":"Lyc\u00e9e Polyvalent Paul Robert","article_modified_time":"2024-04-24T07:43:04+00:00","og_image":[{"width":656,"height":623,"url":"https:\/\/lyceepaulrobert.fr\/wp-content\/uploads\/2024\/04\/SVT-1.png","type":"image\/png"}],"twitter_card":"summary_large_image","twitter_misc":{"Dur\u00e9e de lecture estim\u00e9e":"3 minutes"},"schema":{"@context":"https:\/\/schema.org","@graph":[{"@type":"WebPage","@id":"https:\/\/lyceepaulrobert.fr\/index.php\/tronc-commun-et-specialite-svt\/","url":"https:\/\/lyceepaulrobert.fr\/index.php\/tronc-commun-et-specialite-svt\/","name":"Tronc commun et sp\u00e9cialit\u00e9: SVT - Lyc\u00e9e Polyvalent Paul Robert","isPartOf":{"@id":"https:\/\/lyceepaulrobert.fr\/#website"},"primaryImageOfPage":{"@id":"https:\/\/lyceepaulrobert.fr\/index.php\/tronc-commun-et-specialite-svt\/#primaryimage"},"image":{"@id":"https:\/\/lyceepaulrobert.fr\/index.php\/tronc-commun-et-specialite-svt\/#primaryimage"},"thumbnailUrl":"https:\/\/lyceepaulrobert.fr\/wp-content\/uploads\/2024\/04\/SVT-1.png","datePublished":"2024-04-23T21:41:53+00:00","dateModified":"2024-04-24T07:43:04+00:00","breadcrumb":{"@id":"https:\/\/lyceepaulrobert.fr\/index.php\/tronc-commun-et-specialite-svt\/#breadcrumb"},"inLanguage":"fr-FR","potentialAction":[{"@type":"ReadAction","target":["https:\/\/lyceepaulrobert.fr\/index.php\/tronc-commun-et-specialite-svt\/"]}]},{"@type":"ImageObject","inLanguage":"fr-FR","@id":"https:\/\/lyceepaulrobert.fr\/index.php\/tronc-commun-et-specialite-svt\/#primaryimage","url":"https:\/\/lyceepaulrobert.fr\/wp-content\/uploads\/2024\/04\/SVT-1.png","contentUrl":"https:\/\/lyceepaulrobert.fr\/wp-content\/uploads\/2024\/04\/SVT-1.png","width":656,"height":623},{"@type":"BreadcrumbList","@id":"https:\/\/lyceepaulrobert.fr\/index.php\/tronc-commun-et-specialite-svt\/#breadcrumb","itemListElement":[{"@type":"ListItem","position":1,"name":"Accueil","item":"https:\/\/lyceepaulrobert.fr\/"},{"@type":"ListItem","position":2,"name":"Tronc commun et sp\u00e9cialit\u00e9: SVT"}]},{"@type":"WebSite","@id":"https:\/\/lyceepaulrobert.fr\/#website","url":"https:\/\/lyceepaulrobert.fr\/","name":"Lyc\u00e9e Polyvalent Paul Robert","description":"","potentialAction":[{"@type":"SearchAction","target":{"@type":"EntryPoint","urlTemplate":"https:\/\/lyceepaulrobert.fr\/?s={search_term_string}"},"query-input":"required name=search_term_string"}],"inLanguage":"fr-FR"}]}},"_links":{"self":[{"href":"https:\/\/lyceepaulrobert.fr\/index.php\/wp-json\/wp\/v2\/pages\/259","targetHints":{"allow":["GET"]}}],"collection":[{"href":"https:\/\/lyceepaulrobert.fr\/index.php\/wp-json\/wp\/v2\/pages"}],"about":[{"href":"https:\/\/lyceepaulrobert.fr\/index.php\/wp-json\/wp\/v2\/types\/page"}],"author":[{"embeddable":true,"href":"https:\/\/lyceepaulrobert.fr\/index.php\/wp-json\/wp\/v2\/users\/3"}],"replies":[{"embeddable":true,"href":"https:\/\/lyceepaulrobert.fr\/index.php\/wp-json\/wp\/v2\/comments?post=259"}],"version-history":[{"count":2,"href":"https:\/\/lyceepaulrobert.fr\/index.php\/wp-json\/wp\/v2\/pages\/259\/revisions"}],"predecessor-version":[{"id":339,"href":"https:\/\/lyceepaulrobert.fr\/index.php\/wp-json\/wp\/v2\/pages\/259\/revisions\/339"}],"wp:featuredmedia":[{"embeddable":true,"href":"https:\/\/lyceepaulrobert.fr\/index.php\/wp-json\/wp\/v2\/media\/338"}],"wp:attachment":[{"href":"https:\/\/lyceepaulrobert.fr\/index.php\/wp-json\/wp\/v2\/media?parent=259"}],"curies":[{"name":"wp","href":"https:\/\/api.w.org\/{rel}","templated":true}]}}